{"id":473,"date":"2015-11-13T12:54:02","date_gmt":"2015-11-13T12:54:02","guid":{"rendered":"http:\/\/xml-io.proteusthemes.com\/structurepress\/?page_id=473"},"modified":"2020-05-25T18:05:53","modified_gmt":"2020-05-25T18:05:53","slug":"arriendo-de-estufas-para-eventos-corporativos","status":"publish","type":"page","link":"https:\/\/tucarpa.cl\/web\/servicios\/arriendo-de-estufas-para-eventos-corporativos\/","title":{"rendered":"Calefaccion"},"content":{"rendered":"<div id=\"pl-473\"  class=\"panel-layout\" ><div id=\"pg-473-0\"  class=\"panel-grid panel-no-style\" ><div id=\"pgc-473-0-0\"  class=\"panel-grid-cell\" ><div id=\"panel-473-0-0-0\" class=\"so-panel widget widget_sow-editor panel-first-child panel-last-child\" data-index=\"0\" ><div\n\t\t\t\n\t\t\tclass=\"so-widget-sow-editor so-widget-sow-editor-base\"\n\t\t\t\n\t\t>\n<div class=\"siteorigin-widget-tinymce textwidget\">\n\t<h4 style=\"text-align: justify;\">Arriendo de estufas de exterior<\/h4>\n<p style=\"text-align: justify;\"><span lang=\"ES\" style=\"font-size: 10.0pt; font-family: 'Arial',sans-serif;\">Las estufas de exterior, tambi\u00e9n son conocidas como estufas tipo\u00a0paraguas, estufas de terraza, estufas de jard\u00edn o estufas de patio. \u00c9stas siguen un sistema de seguridad, centrado en el encendido piezoel\u00e9ctrico, termopar de seguridad y regulador de intensidad. Todas nuestras estufas operan con gas combustible.<\/span><br \/><span lang=\"ES\" style=\"font-size: 10.0pt; font-family: 'Arial',sans-serif;\">Las estufas tipo setas han sido dise\u00f1adas para proporcionar calor en ambientes de exterior o interior de mucho volumen, como al interior de estructuras de carpas, jardines, terrazas, fiestas al aire libre, etc.<\/span><br \/><span lang=\"ES\" style=\"font-size: 10.0pt; font-family: 'Arial',sans-serif;\">Disponemos de estufas tipo seta de hasta 14Kw para \u00e1reas de exterior. Las estufas disponen de regulador, permitiendo variar la potencia de calor, desde 5.000 w hasta 14.000 w, con un consumo de 450g\/hr a 1.000g\/hr. Todas nuestras estufas disponen certificado de homologaci\u00f3n CE 0063.<\/span><\/p>\n<\/div>\n<\/div><\/div><\/div><div id=\"pgc-473-0-1\"  class=\"panel-grid-cell\" ><div id=\"panel-473-0-1-0\" class=\"so-panel widget widget_sow-editor panel-first-child panel-last-child\" data-index=\"1\" ><div\n\t\t\t\n\t\t\tclass=\"so-widget-sow-editor so-widget-sow-editor-base\"\n\t\t\t\n\t\t>\n<div class=\"siteorigin-widget-tinymce textwidget\">\n\t<p><img loading=\"lazy\" decoding=\"async\" class=\"alignnone  wp-image-1027\" src=\"https:\/\/tucarpa.cl\/web\/wp-content\/uploads\/2015\/11\/cale-1-300x296.jpg\" alt=\"cale 1\" width=\"219\" height=\"216\" srcset=\"https:\/\/tucarpa.cl\/web\/wp-content\/uploads\/2015\/11\/cale-1-300x296.jpg 300w, https:\/\/tucarpa.cl\/web\/wp-content\/uploads\/2015\/11\/cale-1.jpg 425w\" sizes=\"(max-width: 219px) 100vw, 219px\" \/><\/p>\n<p><img loading=\"lazy\" decoding=\"async\" class=\"alignnone  wp-image-1035\" src=\"https:\/\/tucarpa.cl\/web\/wp-content\/uploads\/2015\/11\/cale-4-1-300x274.jpg\" alt=\"cale 4\" width=\"218\" height=\"199\" srcset=\"https:\/\/tucarpa.cl\/web\/wp-content\/uploads\/2015\/11\/cale-4-1-300x274.jpg 300w, https:\/\/tucarpa.cl\/web\/wp-content\/uploads\/2015\/11\/cale-4-1.jpg 727w, https:\/\/tucarpa.cl\/web\/wp-content\/uploads\/2015\/11\/cale-4-1-540x494.jpg 540w\" sizes=\"(max-width: 218px) 100vw, 218px\" \/><\/p>\n<p>\u00a0<\/p>\n<\/div>\n<\/div><\/div><\/div><\/div><\/div>","protected":false},"excerpt":{"rendered":"<p>Contamos con arriendo de estufas de patio de alta calidad, ideal para para cubrir las necesidades de toda clase de eventos corporativos y particulares, tambien ponemos a disposicion de nuestros clientes aire acondicionado y extractores de aire.<\/p>\n","protected":false},"author":1,"featured_media":1034,"parent":43,"menu_order":0,"comment_status":"closed","ping_status":"closed","template":"","meta":{"footnotes":""},"class_list":["post-473","page","type-page","status-publish","has-post-thumbnail","hentry"],"yoast_head":"<!-- This site is optimized with the Yoast SEO plugin v23.0 - https:\/\/yoast.com\/wordpress\/plugins\/seo\/ -->\n<title>arriendo de Estufas para eventos corporativos y particulares<\/title>\n<meta name=\"description\" content=\"contamos con arriendo de estufas de patio, jet fire, ventiladores y aire acondcionado para carpas de pvc y todo tipo de eventos\" \/>\n<meta name=\"robots\" content=\"index, follow, max-snippet:-1, max-image-preview:large, max-video-preview:-1\" \/>\n<link rel=\"canonical\" href=\"https:\/\/tucarpa.cl\/web\/servicios\/arriendo-de-estufas-para-eventos-corporativos\/\" \/>\n<meta property=\"og:locale\" content=\"es_ES\" \/>\n<meta property=\"og:type\" content=\"article\" \/>\n<meta property=\"og:title\" content=\"arriendo de Estufas para eventos corporativos y particulares\" \/>\n<meta property=\"og:description\" content=\"contamos con arriendo de estufas de patio, jet fire, ventiladores y aire acondcionado para carpas de pvc y todo tipo de eventos\" \/>\n<meta property=\"og:url\" content=\"https:\/\/tucarpa.cl\/web\/servicios\/arriendo-de-estufas-para-eventos-corporativos\/\" \/>\n<meta property=\"og:site_name\" content=\"Arriendo &amp; Venta carpas\" \/>\n<meta property=\"article:modified_time\" content=\"2020-05-25T18:05:53+00:00\" \/>\n<meta property=\"og:image\" content=\"https:\/\/tucarpa.cl\/web\/wp-content\/uploads\/2015\/11\/calefaccion.jpg\" \/>\n\t<meta property=\"og:image:width\" content=\"840\" \/>\n\t<meta property=\"og:image:height\" content=\"420\" \/>\n\t<meta property=\"og:image:type\" content=\"image\/jpeg\" \/>\n<meta name=\"twitter:card\" content=\"summary_large_image\" \/>\n<meta name=\"twitter:label1\" content=\"Tiempo de lectura\" \/>\n\t<meta name=\"twitter:data1\" content=\"1 minuto\" \/>\n<script type=\"application\/ld+json\" class=\"yoast-schema-graph\">{\"@context\":\"https:\/\/schema.org\",\"@graph\":[{\"@type\":\"WebPage\",\"@id\":\"https:\/\/tucarpa.cl\/web\/servicios\/arriendo-de-estufas-para-eventos-corporativos\/\",\"url\":\"https:\/\/tucarpa.cl\/web\/servicios\/arriendo-de-estufas-para-eventos-corporativos\/\",\"name\":\"arriendo de Estufas para eventos corporativos y particulares\",\"isPartOf\":{\"@id\":\"https:\/\/tucarpa.cl\/web\/#website\"},\"primaryImageOfPage\":{\"@id\":\"https:\/\/tucarpa.cl\/web\/servicios\/arriendo-de-estufas-para-eventos-corporativos\/#primaryimage\"},\"image\":{\"@id\":\"https:\/\/tucarpa.cl\/web\/servicios\/arriendo-de-estufas-para-eventos-corporativos\/#primaryimage\"},\"thumbnailUrl\":\"https:\/\/tucarpa.cl\/web\/wp-content\/uploads\/2015\/11\/calefaccion.jpg\",\"datePublished\":\"2015-11-13T12:54:02+00:00\",\"dateModified\":\"2020-05-25T18:05:53+00:00\",\"description\":\"contamos con arriendo de estufas de patio, jet fire, ventiladores y aire acondcionado para carpas de pvc y todo tipo de eventos\",\"breadcrumb\":{\"@id\":\"https:\/\/tucarpa.cl\/web\/servicios\/arriendo-de-estufas-para-eventos-corporativos\/#breadcrumb\"},\"inLanguage\":\"es\",\"potentialAction\":[{\"@type\":\"ReadAction\",\"target\":[\"https:\/\/tucarpa.cl\/web\/servicios\/arriendo-de-estufas-para-eventos-corporativos\/\"]}]},{\"@type\":\"ImageObject\",\"inLanguage\":\"es\",\"@id\":\"https:\/\/tucarpa.cl\/web\/servicios\/arriendo-de-estufas-para-eventos-corporativos\/#primaryimage\",\"url\":\"https:\/\/tucarpa.cl\/web\/wp-content\/uploads\/2015\/11\/calefaccion.jpg\",\"contentUrl\":\"https:\/\/tucarpa.cl\/web\/wp-content\/uploads\/2015\/11\/calefaccion.jpg\",\"width\":840,\"height\":420},{\"@type\":\"BreadcrumbList\",\"@id\":\"https:\/\/tucarpa.cl\/web\/servicios\/arriendo-de-estufas-para-eventos-corporativos\/#breadcrumb\",\"itemListElement\":[{\"@type\":\"ListItem\",\"position\":1,\"name\":\"Portada\",\"item\":\"https:\/\/tucarpa.cl\/web\/\"},{\"@type\":\"ListItem\",\"position\":2,\"name\":\"Servicios\",\"item\":\"https:\/\/tucarpa.cl\/web\/servicios\/\"},{\"@type\":\"ListItem\",\"position\":3,\"name\":\"Calefaccion\"}]},{\"@type\":\"WebSite\",\"@id\":\"https:\/\/tucarpa.cl\/web\/#website\",\"url\":\"https:\/\/tucarpa.cl\/web\/\",\"name\":\"Arriendo &amp; Venta carpas\",\"description\":\"Venta - Arriendo Carpas Industriales\",\"potentialAction\":[{\"@type\":\"SearchAction\",\"target\":{\"@type\":\"EntryPoint\",\"urlTemplate\":\"https:\/\/tucarpa.cl\/web\/?s={search_term_string}\"},\"query-input\":\"required name=search_term_string\"}],\"inLanguage\":\"es\"}]}<\/script>\n<!-- \/ Yoast SEO plugin. -->","yoast_head_json":{"title":"arriendo de Estufas para eventos corporativos y particulares","description":"contamos con arriendo de estufas de patio, jet fire, ventiladores y aire acondcionado para carpas de pvc y todo tipo de eventos","robots":{"index":"index","follow":"follow","max-snippet":"max-snippet:-1","max-image-preview":"max-image-preview:large","max-video-preview":"max-video-preview:-1"},"canonical":"https:\/\/tucarpa.cl\/web\/servicios\/arriendo-de-estufas-para-eventos-corporativos\/","og_locale":"es_ES","og_type":"article","og_title":"arriendo de Estufas para eventos corporativos y particulares","og_description":"contamos con arriendo de estufas de patio, jet fire, ventiladores y aire acondcionado para carpas de pvc y todo tipo de eventos","og_url":"https:\/\/tucarpa.cl\/web\/servicios\/arriendo-de-estufas-para-eventos-corporativos\/","og_site_name":"Arriendo &amp; Venta carpas","article_modified_time":"2020-05-25T18:05:53+00:00","og_image":[{"width":840,"height":420,"url":"https:\/\/tucarpa.cl\/web\/wp-content\/uploads\/2015\/11\/calefaccion.jpg","type":"image\/jpeg"}],"twitter_card":"summary_large_image","twitter_misc":{"Tiempo de lectura":"1 minuto"},"schema":{"@context":"https:\/\/schema.org","@graph":[{"@type":"WebPage","@id":"https:\/\/tucarpa.cl\/web\/servicios\/arriendo-de-estufas-para-eventos-corporativos\/","url":"https:\/\/tucarpa.cl\/web\/servicios\/arriendo-de-estufas-para-eventos-corporativos\/","name":"arriendo de Estufas para eventos corporativos y particulares","isPartOf":{"@id":"https:\/\/tucarpa.cl\/web\/#website"},"primaryImageOfPage":{"@id":"https:\/\/tucarpa.cl\/web\/servicios\/arriendo-de-estufas-para-eventos-corporativos\/#primaryimage"},"image":{"@id":"https:\/\/tucarpa.cl\/web\/servicios\/arriendo-de-estufas-para-eventos-corporativos\/#primaryimage"},"thumbnailUrl":"https:\/\/tucarpa.cl\/web\/wp-content\/uploads\/2015\/11\/calefaccion.jpg","datePublished":"2015-11-13T12:54:02+00:00","dateModified":"2020-05-25T18:05:53+00:00","description":"contamos con arriendo de estufas de patio, jet fire, ventiladores y aire acondcionado para carpas de pvc y todo tipo de eventos","breadcrumb":{"@id":"https:\/\/tucarpa.cl\/web\/servicios\/arriendo-de-estufas-para-eventos-corporativos\/#breadcrumb"},"inLanguage":"es","potentialAction":[{"@type":"ReadAction","target":["https:\/\/tucarpa.cl\/web\/servicios\/arriendo-de-estufas-para-eventos-corporativos\/"]}]},{"@type":"ImageObject","inLanguage":"es","@id":"https:\/\/tucarpa.cl\/web\/servicios\/arriendo-de-estufas-para-eventos-corporativos\/#primaryimage","url":"https:\/\/tucarpa.cl\/web\/wp-content\/uploads\/2015\/11\/calefaccion.jpg","contentUrl":"https:\/\/tucarpa.cl\/web\/wp-content\/uploads\/2015\/11\/calefaccion.jpg","width":840,"height":420},{"@type":"BreadcrumbList","@id":"https:\/\/tucarpa.cl\/web\/servicios\/arriendo-de-estufas-para-eventos-corporativos\/#breadcrumb","itemListElement":[{"@type":"ListItem","position":1,"name":"Portada","item":"https:\/\/tucarpa.cl\/web\/"},{"@type":"ListItem","position":2,"name":"Servicios","item":"https:\/\/tucarpa.cl\/web\/servicios\/"},{"@type":"ListItem","position":3,"name":"Calefaccion"}]},{"@type":"WebSite","@id":"https:\/\/tucarpa.cl\/web\/#website","url":"https:\/\/tucarpa.cl\/web\/","name":"Arriendo &amp; Venta carpas","description":"Venta - Arriendo Carpas Industriales","potentialAction":[{"@type":"SearchAction","target":{"@type":"EntryPoint","urlTemplate":"https:\/\/tucarpa.cl\/web\/?s={search_term_string}"},"query-input":"required name=search_term_string"}],"inLanguage":"es"}]}},"_links":{"self":[{"href":"https:\/\/tucarpa.cl\/web\/wp-json\/wp\/v2\/pages\/473"}],"collection":[{"href":"https:\/\/tucarpa.cl\/web\/wp-json\/wp\/v2\/pages"}],"about":[{"href":"https:\/\/tucarpa.cl\/web\/wp-json\/wp\/v2\/types\/page"}],"author":[{"embeddable":true,"href":"https:\/\/tucarpa.cl\/web\/wp-json\/wp\/v2\/users\/1"}],"replies":[{"embeddable":true,"href":"https:\/\/tucarpa.cl\/web\/wp-json\/wp\/v2\/comments?post=473"}],"version-history":[{"count":20,"href":"https:\/\/tucarpa.cl\/web\/wp-json\/wp\/v2\/pages\/473\/revisions"}],"predecessor-version":[{"id":1388,"href":"https:\/\/tucarpa.cl\/web\/wp-json\/wp\/v2\/pages\/473\/revisions\/1388"}],"up":[{"embeddable":true,"href":"https:\/\/tucarpa.cl\/web\/wp-json\/wp\/v2\/pages\/43"}],"wp:featuredmedia":[{"embeddable":true,"href":"https:\/\/tucarpa.cl\/web\/wp-json\/wp\/v2\/media\/1034"}],"wp:attachment":[{"href":"https:\/\/tucarpa.cl\/web\/wp-json\/wp\/v2\/media?parent=473"}],"curies":[{"name":"wp","href":"https:\/\/api.w.org\/{rel}","templated":true}]}}

<div id="pl-473"  class="panel-layout" ><div id="pg-473-0"  class="panel-grid panel-no-style" ><div id="pgc-473-0-0"  class="panel-grid-cell" ><div id="panel-473-0-0-0" class="so-panel widget widget_sow-editor panel-first-child panel-last-child" data-index="0" ><div
			
			class="so-widget-sow-editor so-widget-sow-editor-base"
			
		>
<div class="siteorigin-widget-tinymce textwidget">
	<h4 style="text-align: justify;">Arriendo de estufas de exterior</h4>
<p style="text-align: justify;"><span lang="ES" style="font-size: 10.0pt; font-family: 'Arial',sans-serif;">Las estufas de exterior, también son conocidas como estufas tipo paraguas, estufas de terraza, estufas de jardín o estufas de patio. Éstas siguen un sistema de seguridad, centrado en el encendido piezoeléctrico, termopar de seguridad y regulador de intensidad. Todas nuestras estufas operan con gas combustible.</span><br /><span lang="ES" style="font-size: 10.0pt; font-family: 'Arial',sans-serif;">Las estufas tipo setas han sido diseñadas para proporcionar calor en ambientes de exterior o interior de mucho volumen, como al interior de estructuras de carpas, jardines, terrazas, fiestas al aire libre, etc.</span><br /><span lang="ES" style="font-size: 10.0pt; font-family: 'Arial',sans-serif;">Disponemos de estufas tipo seta de hasta 14Kw para áreas de exterior. Las estufas disponen de regulador, permitiendo variar la potencia de calor, desde 5.000 w hasta 14.000 w, con un consumo de 450g/hr a 1.000g/hr. Todas nuestras estufas disponen certificado de homologación CE 0063.</span></p>
</div>
</div></div></div><div id="pgc-473-0-1"  class="panel-grid-cell" ><div id="panel-473-0-1-0" class="so-panel widget widget_sow-editor panel-first-child panel-last-child" data-index="1" ><div
			
			class="so-widget-sow-editor so-widget-sow-editor-base"
			
		>
<div class="siteorigin-widget-tinymce textwidget">
	<p><img loading="lazy" decoding="async" class="alignnone  wp-image-1027" src="https://tucarpa.cl/web/wp-content/uploads/2015/11/cale-1-300x296.jpg" alt="cale 1" width="219" height="216" srcset="https://tucarpa.cl/web/wp-content/uploads/2015/11/cale-1-300x296.jpg 300w, https://tucarpa.cl/web/wp-content/uploads/2015/11/cale-1.jpg 425w" sizes="(max-width: 219px) 100vw, 219px" /></p>
<p><img loading="lazy" decoding="async" class="alignnone  wp-image-1035" src="https://tucarpa.cl/web/wp-content/uploads/2015/11/cale-4-1-300x274.jpg" alt="cale 4" width="218" height="199" srcset="https://tucarpa.cl/web/wp-content/uploads/2015/11/cale-4-1-300x274.jpg 300w, https://tucarpa.cl/web/wp-content/uploads/2015/11/cale-4-1.jpg 727w, https://tucarpa.cl/web/wp-content/uploads/2015/11/cale-4-1-540x494.jpg 540w" sizes="(max-width: 218px) 100vw, 218px" /></p>
<p> </p>
</div>
</div></div></div></div></div>
