{"id":475,"date":"2015-11-13T12:54:17","date_gmt":"2015-11-13T12:54:17","guid":{"rendered":"http:\/\/xml-io.proteusthemes.com\/structurepress\/?page_id=475"},"modified":"2020-05-25T18:03:49","modified_gmt":"2020-05-25T18:03:49","slug":"arriendo-de-escenarios","status":"publish","type":"page","link":"https:\/\/tucarpa.cl\/web\/servicios\/arriendo-de-escenarios\/","title":{"rendered":"Escenarios &#038; Tarimas"},"content":{"rendered":"<div id=\"pl-475\"  class=\"panel-layout\" ><div id=\"pg-475-0\"  class=\"panel-grid panel-no-style\" ><div id=\"pgc-475-0-0\"  class=\"panel-grid-cell\" ><div id=\"panel-475-0-0-0\" class=\"so-panel widget widget_sow-editor panel-first-child\" data-index=\"0\" ><div\n\t\t\t\n\t\t\tclass=\"so-widget-sow-editor so-widget-sow-editor-base\"\n\t\t\t\n\t\t>\n<div class=\"siteorigin-widget-tinymce textwidget\">\n\t<h4>Escenarios y galer\u00edas<\/h4>\n<p style=\"text-align: justify;\"><strong>LAYHER,<\/strong> conocidos en el mundo del espect\u00e1culo por su fiabilidad, resistencia y est\u00e9tica. Se constituyen de material acero galvanizado, con modulaci\u00f3n de 2.57 x 2.07, montado sobre estructura All round, con dos piezas b\u00e1sicas; la viga de celos\u00eda y plataformas suficientes para conformar un escenario de la m\u00e1xima fiabilidad. Las plataformas de madera contrachapada, son hidr\u00f3fugas y antideslizantes.<\/p>\n<p style=\"text-align: justify;\">Varias son las causas que hacen del\u00a0<strong>arriendo de un Escenario Layher<\/strong> la opci\u00f3n ideal, ya que cuentan con certificaci\u00f3n espec\u00edfica, adaptadas al mundo del espect\u00e1culo. Su construcci\u00f3n modular se adaptan en tama\u00f1o y forma a cualquier tipo de proyecto, y su seguridad es avalada por su trayectoria, a lo largo de la historia. Estos tipos de escenarios se constituyen como uno de los m\u00e1s demandados por\u00a0 artistas, productoras y <strong>empresas de arriendo de escenarios<\/strong>. Si adem\u00e1s del escenario, su escenario requiere protecci\u00f3n ante eventos de mal tiempo, lluvias y\/o vientos extremos, disponemos de <strong>escenarios cubiertos<\/strong>.<\/p>\n<\/div>\n<\/div><\/div><div id=\"panel-475-0-0-1\" class=\"so-panel widget widget_sow-editor panel-last-child\" data-index=\"1\" ><div\n\t\t\t\n\t\t\tclass=\"so-widget-sow-editor so-widget-sow-editor-base\"\n\t\t\t\n\t\t>\n<div class=\"siteorigin-widget-tinymce textwidget\">\n\t<h4 style=\"text-align: right;\">\u00a0<\/h4>\n<\/div>\n<\/div><\/div><\/div><div id=\"pgc-475-0-1\"  class=\"panel-grid-cell\" ><div id=\"panel-475-0-1-0\" class=\"so-panel widget widget_sow-editor panel-first-child panel-last-child\" data-index=\"2\" ><div\n\t\t\t\n\t\t\tclass=\"so-widget-sow-editor so-widget-sow-editor-base\"\n\t\t\t\n\t\t>\n<div class=\"siteorigin-widget-tinymce textwidget\">\n\t<p>\u00a0<\/p>\n<p><img loading=\"lazy\" decoding=\"async\" class=\"alignnone wp-image-1078\" src=\"https:\/\/tucarpa.cl\/web\/wp-content\/uploads\/2015\/11\/tarima-1.jpg\" alt=\"tarima 1\" width=\"498\" height=\"249\" srcset=\"https:\/\/tucarpa.cl\/web\/wp-content\/uploads\/2015\/11\/tarima-1.jpg 840w, https:\/\/tucarpa.cl\/web\/wp-content\/uploads\/2015\/11\/tarima-1-300x150.jpg 300w, https:\/\/tucarpa.cl\/web\/wp-content\/uploads\/2015\/11\/tarima-1-768x384.jpg 768w, https:\/\/tucarpa.cl\/web\/wp-content\/uploads\/2015\/11\/tarima-1-540x270.jpg 540w\" sizes=\"(max-width: 498px) 100vw, 498px\" \/><\/p>\n<p><img loading=\"lazy\" decoding=\"async\" class=\"alignnone  wp-image-1173\" src=\"https:\/\/tucarpa.cl\/web\/wp-content\/uploads\/2015\/11\/escenario-3.jpg\" alt=\"escenario 3\" width=\"498\" height=\"249\" srcset=\"https:\/\/tucarpa.cl\/web\/wp-content\/uploads\/2015\/11\/escenario-3.jpg 840w, https:\/\/tucarpa.cl\/web\/wp-content\/uploads\/2015\/11\/escenario-3-300x150.jpg 300w, https:\/\/tucarpa.cl\/web\/wp-content\/uploads\/2015\/11\/escenario-3-768x384.jpg 768w, https:\/\/tucarpa.cl\/web\/wp-content\/uploads\/2015\/11\/escenario-3-540x270.jpg 540w\" sizes=\"(max-width: 498px) 100vw, 498px\" \/><\/p>\n<\/div>\n<\/div><\/div><\/div><\/div><\/div>","protected":false},"excerpt":{"rendered":"<p>Contamos con tarimas, escenarios en distintas medidas y alturas<\/p>\n","protected":false},"author":1,"featured_media":1023,"parent":43,"menu_order":0,"comment_status":"closed","ping_status":"closed","template":"","meta":{"footnotes":""},"class_list":["post-475","page","type-page","status-publish","has-post-thumbnail","hentry"],"yoast_head":"<!-- This site is optimized with the Yoast SEO plugin v23.0 - https:\/\/yoast.com\/wordpress\/plugins\/seo\/ -->\n<title>Escenarios &amp; Tarimas - Arriendo &amp; Venta carpas<\/title>\n<meta name=\"robots\" content=\"index, follow, max-snippet:-1, max-image-preview:large, max-video-preview:-1\" \/>\n<link rel=\"canonical\" href=\"https:\/\/tucarpa.cl\/web\/servicios\/arriendo-de-escenarios\/\" \/>\n<meta property=\"og:locale\" content=\"es_ES\" \/>\n<meta property=\"og:type\" content=\"article\" \/>\n<meta property=\"og:title\" content=\"Escenarios &amp; Tarimas - Arriendo &amp; Venta carpas\" \/>\n<meta property=\"og:description\" content=\"Contamos con tarimas, escenarios en distintas medidas y alturas\" \/>\n<meta property=\"og:url\" content=\"https:\/\/tucarpa.cl\/web\/servicios\/arriendo-de-escenarios\/\" \/>\n<meta property=\"og:site_name\" content=\"Arriendo &amp; Venta carpas\" \/>\n<meta property=\"article:modified_time\" content=\"2020-05-25T18:03:49+00:00\" \/>\n<meta property=\"og:image\" content=\"https:\/\/tucarpa.cl\/web\/wp-content\/uploads\/2015\/11\/escenario-1.jpg\" \/>\n\t<meta property=\"og:image:width\" content=\"840\" \/>\n\t<meta property=\"og:image:height\" content=\"420\" \/>\n\t<meta property=\"og:image:type\" content=\"image\/jpeg\" \/>\n<meta name=\"twitter:card\" content=\"summary_large_image\" \/>\n<meta name=\"twitter:label1\" content=\"Tiempo de lectura\" \/>\n\t<meta name=\"twitter:data1\" content=\"1 minuto\" \/>\n<script type=\"application\/ld+json\" class=\"yoast-schema-graph\">{\"@context\":\"https:\/\/schema.org\",\"@graph\":[{\"@type\":\"WebPage\",\"@id\":\"https:\/\/tucarpa.cl\/web\/servicios\/arriendo-de-escenarios\/\",\"url\":\"https:\/\/tucarpa.cl\/web\/servicios\/arriendo-de-escenarios\/\",\"name\":\"Escenarios & Tarimas - Arriendo &amp; Venta carpas\",\"isPartOf\":{\"@id\":\"https:\/\/tucarpa.cl\/web\/#website\"},\"primaryImageOfPage\":{\"@id\":\"https:\/\/tucarpa.cl\/web\/servicios\/arriendo-de-escenarios\/#primaryimage\"},\"image\":{\"@id\":\"https:\/\/tucarpa.cl\/web\/servicios\/arriendo-de-escenarios\/#primaryimage\"},\"thumbnailUrl\":\"https:\/\/tucarpa.cl\/web\/wp-content\/uploads\/2015\/11\/escenario-1.jpg\",\"datePublished\":\"2015-11-13T12:54:17+00:00\",\"dateModified\":\"2020-05-25T18:03:49+00:00\",\"breadcrumb\":{\"@id\":\"https:\/\/tucarpa.cl\/web\/servicios\/arriendo-de-escenarios\/#breadcrumb\"},\"inLanguage\":\"es\",\"potentialAction\":[{\"@type\":\"ReadAction\",\"target\":[\"https:\/\/tucarpa.cl\/web\/servicios\/arriendo-de-escenarios\/\"]}]},{\"@type\":\"ImageObject\",\"inLanguage\":\"es\",\"@id\":\"https:\/\/tucarpa.cl\/web\/servicios\/arriendo-de-escenarios\/#primaryimage\",\"url\":\"https:\/\/tucarpa.cl\/web\/wp-content\/uploads\/2015\/11\/escenario-1.jpg\",\"contentUrl\":\"https:\/\/tucarpa.cl\/web\/wp-content\/uploads\/2015\/11\/escenario-1.jpg\",\"width\":840,\"height\":420},{\"@type\":\"BreadcrumbList\",\"@id\":\"https:\/\/tucarpa.cl\/web\/servicios\/arriendo-de-escenarios\/#breadcrumb\",\"itemListElement\":[{\"@type\":\"ListItem\",\"position\":1,\"name\":\"Portada\",\"item\":\"https:\/\/tucarpa.cl\/web\/\"},{\"@type\":\"ListItem\",\"position\":2,\"name\":\"Servicios\",\"item\":\"https:\/\/tucarpa.cl\/web\/servicios\/\"},{\"@type\":\"ListItem\",\"position\":3,\"name\":\"Escenarios &#038; Tarimas\"}]},{\"@type\":\"WebSite\",\"@id\":\"https:\/\/tucarpa.cl\/web\/#website\",\"url\":\"https:\/\/tucarpa.cl\/web\/\",\"name\":\"Arriendo &amp; Venta carpas\",\"description\":\"Venta - Arriendo Carpas Industriales\",\"potentialAction\":[{\"@type\":\"SearchAction\",\"target\":{\"@type\":\"EntryPoint\",\"urlTemplate\":\"https:\/\/tucarpa.cl\/web\/?s={search_term_string}\"},\"query-input\":\"required name=search_term_string\"}],\"inLanguage\":\"es\"}]}<\/script>\n<!-- \/ Yoast SEO plugin. -->","yoast_head_json":{"title":"Escenarios & Tarimas - Arriendo &amp; Venta carpas","robots":{"index":"index","follow":"follow","max-snippet":"max-snippet:-1","max-image-preview":"max-image-preview:large","max-video-preview":"max-video-preview:-1"},"canonical":"https:\/\/tucarpa.cl\/web\/servicios\/arriendo-de-escenarios\/","og_locale":"es_ES","og_type":"article","og_title":"Escenarios & Tarimas - Arriendo &amp; Venta carpas","og_description":"Contamos con tarimas, escenarios en distintas medidas y alturas","og_url":"https:\/\/tucarpa.cl\/web\/servicios\/arriendo-de-escenarios\/","og_site_name":"Arriendo &amp; Venta carpas","article_modified_time":"2020-05-25T18:03:49+00:00","og_image":[{"width":840,"height":420,"url":"https:\/\/tucarpa.cl\/web\/wp-content\/uploads\/2015\/11\/escenario-1.jpg","type":"image\/jpeg"}],"twitter_card":"summary_large_image","twitter_misc":{"Tiempo de lectura":"1 minuto"},"schema":{"@context":"https:\/\/schema.org","@graph":[{"@type":"WebPage","@id":"https:\/\/tucarpa.cl\/web\/servicios\/arriendo-de-escenarios\/","url":"https:\/\/tucarpa.cl\/web\/servicios\/arriendo-de-escenarios\/","name":"Escenarios & Tarimas - Arriendo &amp; Venta carpas","isPartOf":{"@id":"https:\/\/tucarpa.cl\/web\/#website"},"primaryImageOfPage":{"@id":"https:\/\/tucarpa.cl\/web\/servicios\/arriendo-de-escenarios\/#primaryimage"},"image":{"@id":"https:\/\/tucarpa.cl\/web\/servicios\/arriendo-de-escenarios\/#primaryimage"},"thumbnailUrl":"https:\/\/tucarpa.cl\/web\/wp-content\/uploads\/2015\/11\/escenario-1.jpg","datePublished":"2015-11-13T12:54:17+00:00","dateModified":"2020-05-25T18:03:49+00:00","breadcrumb":{"@id":"https:\/\/tucarpa.cl\/web\/servicios\/arriendo-de-escenarios\/#breadcrumb"},"inLanguage":"es","potentialAction":[{"@type":"ReadAction","target":["https:\/\/tucarpa.cl\/web\/servicios\/arriendo-de-escenarios\/"]}]},{"@type":"ImageObject","inLanguage":"es","@id":"https:\/\/tucarpa.cl\/web\/servicios\/arriendo-de-escenarios\/#primaryimage","url":"https:\/\/tucarpa.cl\/web\/wp-content\/uploads\/2015\/11\/escenario-1.jpg","contentUrl":"https:\/\/tucarpa.cl\/web\/wp-content\/uploads\/2015\/11\/escenario-1.jpg","width":840,"height":420},{"@type":"BreadcrumbList","@id":"https:\/\/tucarpa.cl\/web\/servicios\/arriendo-de-escenarios\/#breadcrumb","itemListElement":[{"@type":"ListItem","position":1,"name":"Portada","item":"https:\/\/tucarpa.cl\/web\/"},{"@type":"ListItem","position":2,"name":"Servicios","item":"https:\/\/tucarpa.cl\/web\/servicios\/"},{"@type":"ListItem","position":3,"name":"Escenarios &#038; Tarimas"}]},{"@type":"WebSite","@id":"https:\/\/tucarpa.cl\/web\/#website","url":"https:\/\/tucarpa.cl\/web\/","name":"Arriendo &amp; Venta carpas","description":"Venta - Arriendo Carpas Industriales","potentialAction":[{"@type":"SearchAction","target":{"@type":"EntryPoint","urlTemplate":"https:\/\/tucarpa.cl\/web\/?s={search_term_string}"},"query-input":"required name=search_term_string"}],"inLanguage":"es"}]}},"_links":{"self":[{"href":"https:\/\/tucarpa.cl\/web\/wp-json\/wp\/v2\/pages\/475"}],"collection":[{"href":"https:\/\/tucarpa.cl\/web\/wp-json\/wp\/v2\/pages"}],"about":[{"href":"https:\/\/tucarpa.cl\/web\/wp-json\/wp\/v2\/types\/page"}],"author":[{"embeddable":true,"href":"https:\/\/tucarpa.cl\/web\/wp-json\/wp\/v2\/users\/1"}],"replies":[{"embeddable":true,"href":"https:\/\/tucarpa.cl\/web\/wp-json\/wp\/v2\/comments?post=475"}],"version-history":[{"count":17,"href":"https:\/\/tucarpa.cl\/web\/wp-json\/wp\/v2\/pages\/475\/revisions"}],"predecessor-version":[{"id":1387,"href":"https:\/\/tucarpa.cl\/web\/wp-json\/wp\/v2\/pages\/475\/revisions\/1387"}],"up":[{"embeddable":true,"href":"https:\/\/tucarpa.cl\/web\/wp-json\/wp\/v2\/pages\/43"}],"wp:featuredmedia":[{"embeddable":true,"href":"https:\/\/tucarpa.cl\/web\/wp-json\/wp\/v2\/media\/1023"}],"wp:attachment":[{"href":"https:\/\/tucarpa.cl\/web\/wp-json\/wp\/v2\/media?parent=475"}],"curies":[{"name":"wp","href":"https:\/\/api.w.org\/{rel}","templated":true}]}}